?
15
Let f(w) = -w**2 + 15*w - 1. Determine f(13).
25
Let p(q) = -11*q**2 - 52*q + 8. Give p(-5).
-7
Let q(y) = -2*y**2 - 5*y - 8. Determine q(-2).
-6
Let v(p) = 3*p - 15. Determine v(7).
6
Let l(h) = h**3 - 32*h + 45. What is l(0)?
45
Let n(f) = -f**3 - 2*f**2 + 14*f - 4. Give n(3).
-7
Let m(r) = -7*r**2 - r + 1. Determine m(1).
-7
Let s(r) = 7*r - 76. Determine s(21).
71
Let s(w) = -w**3 - 24*w**2 + 50*w - 48. Calculate s(-26).
4
Let z(d) = 5*d + 2. Determine z(-5).
-23
Let l(u) = u + 1. Calculate l(-5).
-4
Let w(f) = 11*f + 11. Calculate w(-2).
-11
Let c(y) = 2*y**2 + 2*y - 1. What is c(-4)?
23
Let y(g) = g**2 - 14*g + 1. Calculate y(10).
-39
Let x(a) = -a**2 + 19*a + 18. Calculate x(-1).
-2
Let d(y) = -y**3 + y**2 + 14*y - 16. Calculate d(4).
-8
Let l(w) = 5*w**2 - 103*w - 48. Give l(21).
-6
Let i(z) = -5*z + 86. Give i(16).
6
Let g(d) = 5*d**2 - 3*d + 1. Determine g(1).
3
Let y(l) = -l**3 - 18*l**2 - 16*l + 11. Determine y(-17).
-6
Let z(g) = 39*g**3 + 2*g**2 - g. Calculate z(1).
40
Let j(d) = d**3 + d**2 - 4. Determine j(-5).
-104
Let j(b) = -5*b**2 - 5*b + 2. Determine j(-3).
-28
Let j(s) = 5*s - 6. What is j(4)?
14
Let s(l) = -l**3 + 7*l**2 + 4*l - 7. Give s(7).
21
Let g(u) = 5*u + 6. Calculate g(4).
26
Let k(o) = -2*o**2 + 14*o - 6. What is k(6)?
6
Let d(v) = -v + 1. Determine d(-4).
5
Let p(i) = -i**3 - 17*i**2 - 17*i - 6. Determine p(-16).
10
Let p(z) = -z**3 - 15*z**2 - 2*z - 18. What is p(-15)?
12
Let u(p) = -3*p**3 + p + 2. Calculate u(-2).
24
Let s(x) = -x**3 + 7*x**2 + 10*x - 83. Determine s(6).
13
Let z(f) = -2*f**3 + 18*f**2 + 12*f - 8. Calculate z(8).
216
Let s(l) = 58*l - 9. Give s(2).
107
Let q(g) = -28*g + 114. Calculate q(6).
-54
Let u(z) = 8*z + 72. What is u(-11)?
-16
Let q(m) = -m**3 + m**2 + 2*m + 1. Calculate q(-1).
1
Let t(l) = -2*l - 27. Determine t(-19).
11
Let u(n) = -n**2 - 18*n - 100. Determine u(-10).
-20
Let i(u) = -u**3 - 3*u**2 + 3*u + 5. Give i(-3).
-4
Let q(a) = -a**3 - 17*a**2 - 3*a + 214. Give q(-16).
6
Let s(z) = -12*z - 3. Determine s(-2).
21
Let r(k) = 4*k + 2. Determine r(4).
18
Let b(q) = -2*q + 8. What is b(0)?
8
Let b(p) = p**3 - 3*p**2 - 12*p + 2. What is b(5)?
-8
Let k(s) = -8*s - 165. Calculate k(-21).
3
Let b(n) = n**2 + 4*n - 1. What is b(-4)?
-1
Let g(x) = x**3 + 2*x**2 + 6*x + 10. Calculate g(-3).
-17
Let s(n) = -n**2 + 106*n + 670. Calculate s(-6).
-2
Let p(n) = -n**3 + 41*n**2 + n - 48. Determine p(41).
-7
Let n(t) = -t**2 - 11*t - 28. Give n(-8).
-4
Let d(m) = m**2 - m - 11. What is d(4)?
1
Let b(w) = -25*w - 148. Determine b(-6).
2
Let g(v) = v + 12. What is g(-5)?
7
Let h(j) = 3*j**2 - j - 17. Determine h(4).
27
Let k(j) = -30*j**2 - 3*j + 4. What is k(1)?
-29
Let p(c) = -70*c - 145. Give p(-2).
-5
Let f(d) = -2*d**3 + 5*d + 3. Determine f(-2).
9
Let h(l) = 2*l**3 + 36*l**2 + 2*l + 35. Give h(-18).
-1
Let k(y) = -y**2 + 2*y. Calculate k(-4).
-24
Let f(d) = 9*d - 238. Calculate f(25).
-13
Let h(k) = k**3 + 4*k**2 - 15*k - 61. Calculate h(-4).
-1
Let b(y) = -9*y + 69. Determine b(8).
-3
Let j(y) = -y**3 + 2*y**2 + 2*y + 3. Give j(3).
0
Let f(k) = -k**2 - k + 5. Give f(-2).
3
Let z(s) = s**2 - 9*s - 13. Calculate z(9).
-13
Let t(s) = 3*s**3 - 18*s**2 + 17*s - 14. What is t(5)?
-4
Let q(u) = u**2 + 16*u + 16. What is q(-15)?
1
Let m(f) = -17*f**2 - 1. Give m(-1).
-18
Let i(d) = 18*d - 106. Determine i(6).
2
Let v(q) = q**2 + 6*q - 2. Calculate v(-5).
-7
Let f(b) = -2*b**2 + 4*b. Calculate f(3).
-6
Let o(z) = 4*z - 70. What is o(17)?
-2
Let v(n) = 2*n**2 - n + 34. Determine v(6).
100
Let h(v) = 6*v + 14. Give h(-5).
-16
Let f(c) = c**2 + 4*c + 4. Give f(6).
64
Let c(i) = 4*i - 19. Give c(4).
-3
Let b(f) = f + 70. What is b(0)?
70
Let a(y) = 5*y - 56. What is a(9)?
-11
Let w(m) = m**3 + 47*m**2 - 99*m - 73. Calculate w(-49).
-24
Let k(g) = g**3 + 19*g**2 + 34*g + 3. Give k(-17).
3
Let y(j) = -j**2 + 5*j + 11. Determine y(5).
11
Let x(k) = -k**2 + 21*k - 35. What is x(14)?
63
Let r(p) = 38*p + 146. Give r(-4).
-6
Let z(m) = 33*m + 18. Calculate z(-1).
-15
Let q(h) = -h**2 + 68*h + 70. Determine q(69).
1
Let z(h) = 8*h + 37. Calculate z(-10).
-43
Let m(r) = r**2 - 8*r - 8. Calculate m(16).
120
Let l(k) = k - 7. What is l(6)?
-1
Let n(r) = -r - 3. What is n(15)?
-18
Let x(c) = c**3 - 3*c**2 - 4*c - 16. Determine x(5).
14
Let t(r) = -4*r - 1. Calculate t(6).
-25
Let n(d) = 33*d**2 + 1. Give n(1).
34
Let s(j) = -2*j**2 - 3*j + 5. Calculate s(-4).
-15
Let c(i) = 4*i**3 - i + 1. What is c(-2)?
-29
Let d(i) = 2*i**3 - 88*i**2 + 86*i + 4. Give d(43).
4
Let v(p) = p**2 + 6*p - 14. Determine v(-7).
-7
Let a(z) = z**3 + 14*z**2 + 16*z - 91. Give a(-12).
5
Let x(d) = d**2 + 20*d - 52. What is x(-22)?
-8
Let q(b) = -b - 12. Give q(4).
-16
Let o(p) = p**3 - 18*p**2 - 18*p - 16. Give o(19).
3
Let g(w) = -5*w**2 - w. Give g(-1).
-4
Let j(u) = -u**3 - u**2 + u - 2. Give j(-2).
0
Let l(v) = -244*v + 251. Give l(1).
7
Let u(h) = -21*h - 204. Determine u(-11).
27
Let p(g) = -9*g - 1. Give p(-2).
17
Let m(v) = -v**3 - 17*v**2 - 54*v - 43. What is m(-13)?
-17
Let t(j) = 67*j - 403. Determine t(6).
-1
Let n(h) = h**2 + 22*h + 39. What is n(-20)?
-1
Let h(q) = -q + 12. What is h(7)?
5
Let v(z) = -z**2 - z + 2. What is v(-6)?
-28
Let j(o) = o**2 + 17*o - 22. Determine j(-18).
-4
Let s(h) = h**2 + 20*h + 28. What is s(-19)?
9
Let m(b) = b**2 + 1. What is m(-2)?
5
Let t(p) = p - 5. What is t(-19)?
-24
Let w(l) = l**2 - l + 1. Calculate w(-7).
57
Let x(o) = 10*o - 7. Determine x(3).
23
Let c(q) = -2*q**3 - 18*q**2 + 42*q - 21. Calculate c(-11).
1
Let s(z) = -z**3 + 6*z**2 - 5*z - 2. What is s(5)?
-2
Let k(v) = 5*v**3 + v**2 - 1. Give k(-1).
-5
Let v(j) = j**2 - 15*j + 61. Give v(7).
5
Let y(h) = -h**3 - 2*h**2 + h - 2. What is y(2)?
-16
Let c(n) = -n**3 - 18*n**2 - 67*n - 13. What is c(-13)?
13
Let d(v) = v**3 + 11*v**2 - 12*v + 3. Calculate d(-12).
3
Let u(s) = -s**3 + 5*s**2 + 8*s - 8. Determine u(5).
32
Let z(h) = 7*h**2 - h - 1. Calculate z(-1).
7
Let t(l) = -6*l - 87. What is t(-20)?
33
Let m(p) = p - 4. What is m(-4)?
-8
Let i(c) = 29*c**3 - c**2 + 4*c + 3. Calculate i(-1).
-31
Let w(b) = -b**3 - 8*b**2 - 13*b + 2. Give w(-5).
-8
Let i(j) = j**3 - 3*j**2 - j - 8. Calculate i(4).
4
Let g(z) = 11*z**2 + 5*z + 2. Calculate g(2).
56
Let q(f) = -52*f**3 - 3*f**2 + 2. Calculate q(-1).
51
Let d(b) = 39*b**3 + b**2 - 4*b + 2. Calculate d(1).
38
Let m(c) = -5*c**2 + 7*c - 8. Calculate m(1).
-6
Let z(g) = g**2 + 25*g - 51. Give z(-27).
3
Let d(b) = 3*b**3 + 2*b**2 - 1. Give d(2).
31
Let g(d) = 8*d - 3. Give g(1).
5
Let m(l) = -l**2 - 9*l - 2. Calculate m(-9).
-2
Let n(f) = -f**3 + 25*f**2 - f + 24. Determine n(25).
-1
Let w(q) = -q**3 + 2*q**2 + 6*q. Give w(4).
-8
Let o(j) = j**3 - 5*j**2 + 3*j - 1. Calculate o(3).
-10
Let x(o) = 11*o - 51. Determine x(12).
81
Let r(y) = 34*y**3 - y**2 - y. Give r(-1).
-34
Let c(w) = -w**3 + 13*w**2 + 2. Determine c(13).
2
Let n(s) = -10*s - 214. Determine n(-21).
-4
Let j(o) = -o**2 - 9*o - 6. What is j(-8)?
2
Let p(z) = -z - 44. Determine p(-11).
-33
Let u(r) = -r**2 + r - 43. What is u(0)?
-43
Let s(m) = m - 31. Give s(25).
-6
Let f(y) = -2*y + 8. What is f(4)?
0
Let f(q) = -30*q - 785. Calculate f(-26).
-5
Let u(d) = -d**2 + 3*d - 1. Give u(-2).
-11
Let u(i) = i**2 - 9*i - 23. Give u(11).
-1
Let m(q) = -5*q**3 - q**2 + q - 1. Give m(-2).
33
Let k(b) = b + 85. Determine k(12).
97
Let x(k) = k**2 + 29*k - 146. Give x(-33).
-14
Let c(y) = y**3 - 21*y**2 - 3*y + 44. What is c(21)?
-19
Let n(r) = r + 19. Calculate n(-8).
11
Let a(m) = -3*m**3 - 2*m**2 + m + 2. Give a(-2).
16
Let t(p) = -p - 6. What is t(0)?
-6
Let h(y) = -y**2 + 10*y - 8. Calculate h(7).
13
Let z(k) = -k**2 + 5*k - 5. Calculate z(6).
-11
Let n(k) = 34*k + 245. What is n(-7)?
7
Let w(l) = 6*l + 5. Calculate w(-2).
-7
Let h(y) = 9*y + 1. Give h(3).
28
Let g(b) = -b**3 + 6*b**2 + 8*b - 1. Calculate g(7).
6
Let f(v) = -v**2 + 13*v - 5. Give f(12).
7
Let f(m) = m**3 + 9*m**2 + 8*m - 24. Calculate f(-7).
18
Let j(q) = q**2 + 2*q - 46. Give j(-8).
2
Let d(n) = n + 3. Calculate d(-1).
2
Let g(i) = 6*i - 5. Give g(4).
19
Let c(g) = 10*g - 3. Calculate c(-2).
-23
Let p(v) = -v**3 - 7*v**2 + 4*v + 3. Determine p(-7).
-25
Let z(m) = -m**2 - 8*m - 25. Determine z(-5).
-10
Let u(x) = -3*x**2 - 7*x - 2. Determine u(-6).
-68
Let c(g)